*d**3 - 108*d**2 + 27*d + 18. Let o(m) = -5*c(m) - 2*t(m). Calculate o(-15).
-6
Let l = 1382 - 1377. Let t(m) = -3*m**2 - 5. Give t(l).
-80
Let y(m) = -13*m**2 + 3*m - 11. Let w(z) = 20*z**2 - 5*z + 17. Let g(u) = 7*w(u) + 11*y(u). Calculate g(2).
-18
Let f(j) be the first derivative of 3*j**2 + 41*j + 2788. Give f(-14).
-43
Let b(g) = 28*g**3 - 1. Let q(s) = -2*s**2 - 61*s - 400. Let h be q(-21). Calculate b(h).
-29
Let s(r) be the third derivative of r**7/420 + r**6/240 - 9*r**5/20 - 132*r**2. Let u(f) be the third derivative of s(f). What is u(-2)?
-21
Let q(f) = -5*f**2 - 5*f - 4. Let c(d) = -12*d - 2*d - 10 - 38*d**2 + 68*d**2 - 44*d**2. Let v(z) = -4*c(z) + 11*q(z). What is v(3)?
8
Suppose 4*c = 0, 4*a - 6*c = -10*c - 12. Let y be a/(-2)*7/((-21)/18). Let n(p) = -p - p**3 - 1 - 5*p**2 + 4*p**2 - 3*p**2 - 5*p**2. Calculate n(y).
8
Let z(m) be the second derivative of -m**4/12 - m**3 - 2*m**2 - m. Suppose 2*c = -3 + 13. Let p be (-1)/(-5)*c*-5. Give z(p).
1
Let m be 32/(-20)*(-15)/6. Let z(n) = 4*n**2 - 3*n**2 + n**2 - n - m*n**2. Let q be ((-15)/(-10) - 3)/(3/4). Calculate z(q).
-6
Let r(j) = -j**2 - 6*j - 3. Suppose 40*n - 42*n - 50 = 0. Let v = n + 57. Suppose 4*b = 4*y - v, y + 0*y = 2. Calculate r(b).
-3
Let i(j) be the first derivative of -j**5/40 + j**4/8 + 15*j**3 + 22. Let c(a) be the third derivative of i(a). Let f = 5 + -9. Determine c(f).
15
Let p(x) = -10*x**3 + x**2 + 2*x + 1. Suppose 54 + 747 = 9*c. Suppose -l + 88 = c. What is p(l)?
10
Let t(y) = -3*y + 1. Let u = -69 - -67. Let d = u + 11. Let m = 10 - d. Give t(m).
-2
Suppose -5*d - 4*k = -6*d + 20, 122 = 5*d + 2*k. Suppose -9*c + d = -5*c. Let b(x) = -x - 5. Determine b(c).
-11
Let f(q) = q**2 + 14*q - 29. Let s be (-77)/5 + ((-2)/40)/((-5)/40). Give f(s).
-14
Let l be 39/(-6) + (-1)/(-2). Let j(t) = t**3 + 41*t**2 - 32*t - 5. Let o(f) = f**3 + 48*f**2 - 38*f - 5. Let v(r) = -6*j(r) + 5*o(r). Calculate v(l).
-7
Let u(s) = -s**3 - 6*s**2 + 6*s - 10. Suppose -18 = -5*r - r. Suppose n = 6*n + r*h + 38, n - 3*h = -4. What is u(n)?
-3
Let s(n) = -n**3 - 4*n**2 + 4*n - 7. Let a(b) = -4*b**2 - 8*b + 7. Let l be a(-5). Let t = -40 - l. Let r be (-5 - t/(-3))/(2/15). Give s(r).
-2
Let w(a) = -77. Let n(o) = 9*o + 464. Let j(m) = -n(m) - 6*w(m). Determine j(4).
-38
Let m(y) = -y**3 - 30*y**2 + 2*y. Let t(d) = -4*d**3 - 138*d**2 + 11*d. Let i(v) = 9*m(v) - 2*t(v). Suppose 4*w + 6 = 7*w. Let c be (4/5)/(w/10). Give i(c).
16
Suppose 21*j = 38*j - 136. Let h(t) = t**3 - 8*t**2 - t + 7. What is h(j)?
-1
Let s = -39 + 28. Let k(h) = 3*h**2 - 11*h + 46. Let i(y) = 8*y**2 - 23*y + 107. Let o(q) = -2*i(q) + 5*k(q). Calculate o(s).
-6
Let k(b) be the first derivative of -8*b**2 + 2*b + 952. Calculate k(1).
-14
Let d be 3/(-15) + 2/10. Suppose d = -3*j - 28 + 1. Let c(l) = 785 + 786 + l**2 - 3124 + 776 + 783 - l**3 - 10*l**2. Give c(j).
6
Let n be 62/(-6) - (-1)/3. Let w be (-2)/2 + n/(-2). Let g(o) = 27*o - 34*o**2 - 48*o + 22*o + 33*o**2. Determine g(w).
-12
Let i(u) = -3*u + 0*u + 138886 - 138909. Determine i(-9).
4
Let i(u) be the first derivative of -u**6/90 - u**5/60 + u**4/24 + 2*u**3/3 + 3*u - 31. Let s(r) be the third derivative of i(r). Calculate s(-2).
-11
Let i(m) = 14*m - 177. Let l be -8*(-272)/128 + -7. Give i(l).
-37
Let j(d) = 8*d**2 + 9*d + 24. Let b(f) = -15*f**2 - 23*f - 48. Let t(p) = 4*b(p) + 7*j(p). What is t(-7)?
-17
Let c(u) = -u**3 - u - 15. Let f be -3 + 11 + 2/(6/3). Let i(h) = h**3 - 9*h**2 + 2*h + 5. Let o be i(f). Let j = 23 - o. Calculate c(j).
-15
Let h(i) be the first derivative of -1/2*i**2 + 10*i + 23. Calculate h(13).
-3
Let j(z) = z**3 - 4*z**2 - 3*z - 9. Suppose 150 = 6*u + 24*u. Give j(u).
1
Suppose 3*g - 7989 = -7956. Let w(s) = -s + 35. Calculate w(g).
24
Suppose 25*l + 34 - 99 = 135. Let q(r) be the third derivative of r**4/8 - 11*r**3/6 + r**2. Give q(l).
13
Let h be (-90)/(-14) - 12/(-21). Let r be (h - (-88)/(-12))*0. Let o(t) = t**2 + 1. Let n(u) = 5*u**2 - u + 4. Let q(f) = n(f) - 6*o(f). What is q(r)?
-2
Let a(j) = 2*j + 11. Let y(x) = 13*x + 43. Let d(p) = p - 2. Let t(h) = 5*d(h) - y(h). Let u be t(-6). Determine a(u).
1
Let h = 249 + -246. Suppose -3*l = h*q + 39, 5*q - 72 - 7 = 4*l. Let n(b) = b**3 + 15*b**2 - 17*b - 12. Determine n(l).
4
Let m(u) = -70*u - 29 - 76*u - 82*u + 223*u. Give m(-7).
6
Let x(m) = 23*m - 10. Let k = 21076 + -21078. What is x(k)?
-56
Let g = -6 - -9. Let c(f) = -f**3 - 6*f**2 - g + 5*f - 12*f - f - 4. What is c(-5)?
8
Let x = 23 + -19. Let y(b) = 3*b - b + x*b. Let f(g) = 22*g - 21. Let q be f(1). Give y(q).
6
Let a(l) = -l - 5. Let d be a(-2). Let o = -134 + 172. Let y(m) = o + 5*m**2 - 4*m**2 + 3*m - 35. Determine y(d).
3
Let t(r) = 5*r - 25. Let f(q) = -2. Let d(m) = -15*f(m) + t(m). Give d(8).
45
Let t(d) = 13*d**3 - 16*d**2 + 63*d - 11. Let n(s) = 21*s**3 - 33*s**2 + 125*s - 23. Let k(r) = 3*n(r) - 5*t(r). Determine k(-12).
-14
Let d(k) = 56*k**2 - 3*k - 11. Let b(m) = 19*m**2 - m - 4. Let t be 2/1 + -6 + -7. Suppose -3*w + 7 = -5. Let u(f) = t*b(f) + w*d(f). Calculate u(-1).
16
Let q(g) be the third derivative of -5*g**4/24 + g**3 - 7*g**2. Let d(l) be the third derivative of -l**4/12 + 5*l**3/3 + 36*l**2. Let j be d(2). What is q(j)?
-24
Let u(j) be the third derivative of j**5/10 - 13*j**4/24 + 5*j**3/6 + 10*j**2 + j. Let s(d) = 5*d**2 - 12*d + 4. Let f(w) = -5*s(w) + 4*u(w). Give f(6).
12
Let m(g) be the third derivative of g**6/120 + g**5/15 - g**4/3 - g**3/2 - 7*g**2. Let p = 1927 - 1933. What is m(p)?
-27
Suppose -z - 473 = z - 5*v, 0 = -3*z - 2*v - 681. Let p = z - -226. Let x(n) = n**2 + 3*n - 1. Determine x(p).
-1
Let x(t) = -t**2 - 6*t - 7. Let k be x(-4). Let d be 2*k/8 - (-390)/104. Suppose -5*u + 8 = -u, 5*p = -d*u + 38. Let i(q) = -q**2 + 6*q - 2. Determine i(p).
-2
Let k be 3 + -11 + 0 + -3 - -3. Let d(o) = o + 1. Let g(h) = -h**2 - 10*h + 2. Let y(c) = -2*d(c) - g(c). Give y(k).
-4
Let r(y) = y**3 - 17*y**2 + 15*y + 31. Suppose 0 = 4*n + 7*l - 12*l - 44, 3*n = -l + 52. Give r(n).
15
Suppose 0 = 8*y - 120. Let u(c) = c**3 - 14*c**2 - 16*c + 16. Let v be u(y). Let j(q) = v + 0*q - 2*q**3 + 0*q**3 + 3*q**3 - q - 4*q**2. Give j(3).
-11
Let m be 37/(4/(-6)*-2*9/12). Let y(t) = 2*t - 89. Give y(m).
-15
Let c(w) = w**3 - 11*w**2 - 10*w - 3. Let v = 4008 + -3996. Calculate c(v).
21
Let g(y) be the second derivative of -y**4/2 + 7*y**3 + 11*y**2/2 - 9668*y. Calculate g(7).
11
Let t(k) be the third derivative of k**5/40 + 7*k**4/24 - 31*k**3/6 - 183*k**2. Let y(p) be the first derivative of t(p). What is y(-3)?
-2
Let s(o) = -21 - 17*o + 10*o + 8*o + 5. Suppose 0 = -4*m - 4*h + 164, -h = -m + 5*m - 176. Suppose -5*u - 3*g + m = 0, 0*u = -u - 4*g + 9. Give s(u).
-7
Let y(p) be the second derivative of p**4/12 + 5*p**3/3 - 88*p**2 - 7654*p. What is y(9)?
-5
Suppose 2*y + 19 = 3*d, -4*d + 20 = -5*y - 3. Let o(f) = -f - 35. What is o(d)?
-42
Let m(c) = c**3 + 8*c**2 - 11*c - 13. Let t(r) be the second derivative of r**4/12 - 7*r**3/2 - 81*r**2/2 + 2*r + 49. Let y be t(24). Give m(y).
5
Let b(m) = m - 31. Let s(n) = -n - 10. Let q(t) = -b(t) + 3*s(t). Let u = -3 - -5. Give q(u).
-7
Let a(d) be the third derivative of 2/3*d**3 + 1/24*d**4 - 34 - 7/60*d**5 - 1/120*d**6 + 0*d + 2*d**2. Determine a(-7).
-3
Let p(s) = -3583 - 4*s + 7165 - s**2 - 3579. Suppose x = 3*x - 4. Let v be ((-20)/30)/(x/9). Calculate p(v).
6
Suppose 19 = -5*y - 1, 24 = -4*d - 5*y. Let o be (-220)/(-35) - (-2)/(-7). Let k(n) = -o*n**2 + 0*n + 10*n**2 + n. What is k(d)?
3
Let d(z) be the second derivative of z**3/3 - 5*z**2/2 - 2088*z. Suppose 4*n = 28 + 20. What is d(n)?
19
Let c(s) = s - 43 + 58*s**2 + s**3 + 54*s**2 + 46*s**2 + 26*s**2 - 221*s**2. Give c(37).
-6
Let q(b) be the third derivative of -1/6*b**3 + 0*b + 7 - 2*b**2 - 1/12*b**4. Calculate q(9).
-19
Let o be (25/(125/(-6)))/(-2 - 24/(-15)). Let n(j) be the first derivative of -o*j**2 + 2*j**3 + 19 - 1/4*j**4 + 4*j. Determine n(5).
-1
Let n(t) = -t - 18. Let k be (40/(-15))/(2/12 - (-14)/84). Determine n(k).
-10
Suppose 27*k = 82 + 107. Suppose 3*r + 8*y - k = 7*y, -y + 1 = r. Let q(g) = 3*g - 3. What is q(r)?
6
Let v(m) = -m - 6. Let n be v(-6). Let h(g) = -57885*g + 57882*g + 3 + 0. Let t(o) = -13*o + 10. Let q(j) = -9*h(j) + 2*t(j). Determine q(n).
-7
Suppose -3*z = 9 - 